its digit of j?
3
Suppose -1 = -5*i - c, i = -i + 2*c - 2. Suppose -2*j = -3*p - 18 - 41, j + 3*p - 7 = i. What is the tens digit of j?
2
Let u = 6 + -4. What is the units digit of u?
2
Let i = 40 - 17. Suppose -2*k - 2 = 4*w, 0 = -0*k - 4*k + w + i. Suppose 3*n - 2*j - 3 = 0, -3*n - 5*j = 2*n - k. What is the units digit of n?
1
Let y be 6/(-5)*(2 + 3). What is the tens digit of 20*(15/y - -3)?
1
Let g be 6/(-24) - 30/8. Let t = g + 6. Suppose -t*v + 32 = 2*v. What is the units digit of v?
8
Let t = -2 - -4. Suppose -t*c + 10 = -0. Suppose 40 = 5*o + c. What is the units digit of o?
7
Suppose 3*v = -5*b - 42, -4*v = 2*b - 6*v + 4. Let q be (4/b + 0)*6. Let h = q - -17. What is the tens digit of h?
1
Suppose i + 2*i = 21. Suppose 15 = -2*a + i*a. What is the units digit of a?
3
Suppose i - 9 = 2*k, -2*k = -6*k - 8. Let d(b) = b**3 - 5*b**2 + 3*b - 7. What is the units digit of d(i)?
8
Suppose -2*n - 6 = 2*x, -5*x - 13 = -2*n + 23. Let g(f) = f**2 + 5*f + 9. What is the tens digit of g(x)?
1
Suppose -n - 3 - 1 = 0. Let v = n + 8. Suppose l + 2*m - 3 = 0, -2*l + 3*l + v*m - 1 = 0. What is the units digit of l?
5
Let m be 1/((15/(-6))/5). Let k be m/4*(-16)/2. Suppose k*y - 24 - 24 = 0. What is the tens digit of y?
1
Let k(j) = -j - 5. Suppose -10 = 3*l + 20. Let q be k(l). Suppose 11 = 2*m - q. What is the units digit of m?
8
Suppose 4*z - 140 - 16 = 0. What is the tens digit of z?
3
Let p(q) = -5*q - 1. Let t be p(-1). Let u = t - -9. What is the units digit of u?
3
Suppose -4*o + 249 = 3*h - 115, 0 = 4*o + 5*h - 364. What is the tens digit of o?
9
Suppose 4*r = 4*b + 4, -r + 2*b = -4*r + 23. Suppose 2*q - 3*y + 1 = 8, -2*q = -r*y + 3. What is the units digit of q?
1
Let l be ((-9)/5)/((-9)/30). What is the units digit of (-204)/18*l/(-4)?
7
Let o(r) = 4*r + 1 - 5*r + 3. What is the units digit of o(3)?
1
Let b(r) = -r**3 - 6*r**2 - 6*r + 1. What is the units digit of b(-6)?
7
Let z(s) = 2*s**2 - 5*s + 1. Let q be (-7)/(-2)*(-24)/(-21). What is the tens digit of z(q)?
1
Suppose -4*a = -525 + 101. What is the tens digit of a?
0
Suppose 38 = -6*k + 5*k. Let i = k - -56. What is the tens digit of i?
1
Let u be 5 - (-2 - -4*1). Suppose 2*s - 20 = -3*s. Suppose -20 = -s*h, -u*x - x - 1 = -h. What is the units digit of x?
1
Suppose 0 = -5*r - 5*q - 20, -r = 2*r + 5*q + 18. Let h(d) = -27*d**3 - d**2 - 2*d - 1. What is the units digit of h(r)?
7
Let x(v) = -v**2 - v + 44. What is the tens digit of x(0)?
4
Suppose -2*d + 0 = 6. Let l(y) be the first derivative of y**3/3 + y**2 - y + 1. What is the units digit of l(d)?
2
Let m = 5 + -5. Suppose -3*s + 5*s + 4 = m. Let p = 5 + s. What is the units digit of p?
3
Let g(q) = -2*q**3 + 24*q**2 + 7*q - 12. What is the tens digit of g(12)?
7
Let h(n) = n + 2. Let o be h(8). Suppose 0 = -x + 11 + o. What is the units digit of x?
1
What is the units digit of 411/9 + (-10)/15?
5
Let r(x) = -7*x + 16. What is the units digit of r(-11)?
3
Let b(a) = -43*a**3 + 2*a**2 + 4*a - 4. What is the hundreds digit of b(-2)?
3
Let y(g) = -4*g - 4. Let v = -5 + 2. What is the units digit of y(v)?
8
Let j = -13 + 20. Let f(m) be the third derivative of m**6/120 - 7*m**5/60 + m**4/24 + m**3/6 - 4*m**2. What is the units digit of f(j)?
8
Let d be (40/(-3))/5*-3. Suppose 0 = 10*c - d*c - 30. What is the units digit of c?
5
Let n(x) = -2*x + 2. Let w be n(0). Suppose 0 = 3*p + w*p - t - 13, 0 = -t + 2. What is the units digit of p?
3
Suppose -8*n + 5*n = -273. What is the units digit of n?
1
Suppose -p + 1 = -4. Let k = p + -2. What is the units digit of k?
3
Let u = -129 + 156. What is the tens digit of u?
2
Let y = -6 - -22. Let r be y/1 - 2/(-2). Suppose o = -p - 3*p + 14, 5*p + o = r. What is the units digit of p?
3
Suppose -624 = 6*q - 10*q. What is the hundreds digit of q?
1
Let y = 28 - 11. What is the units digit of y?
7
Let o = 290 + 111. What is the tens digit of o?
0
Let z = -15 + 29. What is the tens digit of z?
1
Let g(u) = u**3 + 8*u**2 - 9*u - 24. What is the tens digit of g(-6)?
0
Let w = -10 + -2. Let o = w + 27. What is the tens digit of o?
1
Suppose -2 + 52 = o. What is the units digit of o?
0
Let r(k) = -10*k - 1. What is the tens digit of r(-3)?
2
Suppose 5*f = -391 + 941. What is the units digit of f?
0
Let x = -7 + 62. What is the units digit of x?
5
Suppose -9 + 34 = 4*s - 3*d, 0 = s + 5*d + 11. Suppose s*m - 9 = 2*b - 37, -42 = -3*b - 5*m. What is the units digit of b?
4
Suppose -d + 100 = 3*d. Let t = -5 + d. What is the units digit of t?
0
Let s(z) = z**3 - 2*z**2 + 1. Let t be s(2). What is the units digit of (t*(-57)/(-3))/1?
9
Suppose l - 5*l = 0. Suppose 0 = 4*o - 2*o - 6. Let p = o + l. What is the units digit of p?
3
Let q(c) be the third derivative of 1/8*c**4 - c**3 + 0 - 2*c**2 + 0*c. What is the tens digit of q(6)?
1
Suppose 4*m - 8*m - 8 = 0. What is the units digit of m/(-8) - 30/(-8)?
4
Let k = -15 - -6. Let f = 15 + k. What is the units digit of f?
6
What is the tens digit of 9/(-6) + (-74)/(-4)?
1
Suppose 4*c - 16 = -4*n + 28, -5*c + n = -79. What is the units digit of (-1)/(-5) - (-102)/c?
7
What is the tens digit of (1 - 34)*(-6 + 5)?
3
Let i = 43 - 40. What is the units digit of i?
3
Suppose 0 = -0*v + 4*v - 436. Suppose 0 = 5*t - v + 19. What is the tens digit of t?
1
Suppose 0 = -5*z - 2*k + 253, -2*z - 5*k + 97 = -0*z. Suppose 0 = -0*n + 2*n - 3*m - z, 0 = 5*m + 15. What is the tens digit of n?
2
Let g = 13 - 13. What is the units digit of (0 - (0 - g)) + 3?
3
Let c = -89 + 169. What is the units digit of c?
0
Suppose -g = -3*g + 12. What is the tens digit of (21/g)/((-1)/(-6))?
2
Let w(b) = -b**3 + 8*b**2 + b - 6. Let t be w(8). Suppose -5*f = -t*f - 51. What is the units digit of f?
7
Let t be (42/(-24))/((-1)/4). Suppose -t = -4*i + 17. What is the units digit of i?
6
Suppose 0*w - 16 = -4*w. Suppose 3*l + 2*p = 9 - 2, -5*p = w*l. Let v = l - -3. What is the units digit of v?
8
Suppose 4*r + 21 = o - 6*o, -r - 7 = 3*o. Let a be (-28)/(-16) + (-1)/r. What is the units digit of (7 + -4)/(3/a)?
2
Let r(o) = -o**2 - 3*o + 2. Let x be r(-3). Suppose x*k = 18 + 12. What is the tens digit of k?
1
Let c = 106 + -17. What is the units digit of c?
9
Let t be (-1)/4 - (-11)/(-4). Let k = 14 + t. What is the units digit of k?
1
Suppose 0 = -2*n - 1 + 5. Suppose 3*v - 4*q - 39 = 0, 5*v - n*v = -4*q + 39. What is the tens digit of v?
1
Suppose -2*p = -5*v + 18, -4*v = 2*p - 3*p - 12. Let s = p + 8. What is the units digit of s?
4
Suppose -259 = -6*p + 389. What is the units digit of p?
8
Suppose -3*q + w = -273, 2*q - 267 + 77 = -2*w. What is the units digit of q?
2
Let m = -8 - -24. Let p = -10 + m. Let z = 11 - p. What is the units digit of z?
5
Suppose 6*o - 28 = 4*o - 4*c, -4*o = -c - 47. Let x = o - 0. What is the tens digit of x?
1
What is the tens digit of 2/(-5) - (-254)/10?
2
Suppose 161 = -3*t + 704. What is the hundreds digit of t?
1
Let v(q) = -16*q + 3. What is the units digit of v(-2)?
5
Let n be 6 - 3 - 4 - -40. Suppose s = -2*s + n. What is the units digit of s?
3
Let w = -7 + 17. Suppose 3*i = -2*a - w + 67, 0 = -4*i + 3*a + 59. What is the tens digit of i?
1
Let t(n) = 0*n - 2*n + 4 + n + 2*n. What is the units digit of t(6)?
0
Suppose 5*a + r - 27 = 0, -2*r - 2 - 4 = -2*a. Suppose a*q - 17 = 13. What is the units digit of q?
6
Let i = -101 - -317. What is the units digit of i?
6
Suppose 0 = -5*x + 2*f - 14, -x + f + 8 = -3*f. Let y = x - -13. What is the units digit of y?
9
Suppose u - 8 = 20. Let j = u - 4. What is the tens digit of j?
2
Suppose -6*g + 2*g - 140 = 0. Let p = g - -63. Suppose 0 = 4*b - 16, b - 3*b = -3*m + p. What is the units digit of m?
2
Suppose 0 = -g - 3*g + 72. What is the units digit of g?
8
Suppose 0 = 3*r + 3*a - 216, 6*r = 11*r - 3*a - 392. What is the tens digit of r?
7
Let q(k) = -k + 4. Let p be q(4). Let r = 0 + 5. Suppose -5*w + 30 - r = p. What is the units digit of w?
5
Suppose 2*x = -3*s + 22 + 62, 3*x = -5*s + 139. Suppose 4*c = -0*n + 3*n + s, 2*c = 2*n + 16. Let j = n + 16. What is the units digit of j?
0
Let z = -29 - -49. What is the tens digit of z?
2
Suppose 15*q - 3454 = 4*q. What is the tens digit of q?
1
Suppose -2*u - 38 = -5*s, -s - 4*s + 45 = 5*u. Let q be 2/s - (-49)/28. Suppose -i + 0 = -q. What is the units digit of i?
2
